- k**4/12 + k**3/3 - 24*k**2. Suppose 5 = -n + 3*n + 3*y, -4*y + 12 = 0. Determine g(n).
-2
Suppose -s + 7 = o, -20 = -5*o - s - s. Let y(c) = 6*c**2 + c**2 + 2 - 8*c**2 - 2*c. What is y(o)?
-6
Let p(s) be the first derivative of -5/2*s**2 - 4 + 2*s. Give p(3).
-13
Let o(q) = -22*q**2 + 14*q**2 + 13*q**2 - q**3 - 2*q - 3 + 1. Let n = 23 + -14. Suppose n - 1 = 2*i. What is o(i)?
6
Suppose 10 - 34 = 4*x. Let u(j) = -5*j - j**2 - j + 618 - 614. Calculate u(x).
4
Suppose 12*j + 24 = 6*j. Let g(h) = 0 - h**3 + 4*h + 0 - 3*h**2. Calculate g(j).
0
Let t be (-6)/(-5)*(-15)/6. Let v(g) = -g**2 - 2*g + 2. Let i(l) = -1. Let h(n) = -2. Let c(a) = 4*h(a) - 9*i(a). Let p(d) = 2*c(d) + v(d). Give p(t).
1
Let p be (2 + 3/(-2))*0. Let l(x) = -x**3 + 5*x - 5. Let v(n) = -n + 1. Let m(c) = -l(c) - 4*v(c). Give m(p).
1
Let r(l) = -5*l - 9. Let v(u) = 7 - 2*u + 4*u - 3. Let f(i) = -6*r(i) - 14*v(i). Let j(t) = -2*t - 3. Let o be j(-3). Determine f(o).
4
Let g(b) = 2*b. Let d(w) = -2*w + 1. Let q(h) = -4*d(h) - 5*g(h). Let j(k) = 1 + 4*k**2 - 4*k**2 - 4*k**2 + 2*k**2 + 4*k. Let v be j(3). Calculate q(v).
6
Let m(k) = -k**2 + k - 5. Let f(o) = -o**2 - 4*o + 5. Let y be f(-5). Give m(y).
-5
Let i(h) = h**2 + 5*h + 3. Let d = -6 + 9. Suppose 0 = b - 2*r - 3*r + 6, -5*b = -2*r + 7. Let f be (1 - b)/(2 - d). Give i(f).
-3
Let x(a) = a**3 + a**2 + 3*a + 3. Suppose -2*v = -4*r - 5*v + 4, -3*v + 16 = -2*r. What is x(r)?
-7
Let b(x) = -x**2 + 6*x + 13. Let o(c) = c**2 - 6*c - 12. Let g(j) = -6*b(j) - 7*o(j). Determine g(6).
6
Let l(r) = r**2 + 6*r. Let s(p) be the first derivative of p**4/4 - 5*p**3/3 + p**2 + 3*p + 8. Let i be s(4). Determine l(i).
-5
Let f(x) = x**3 + 2*x**2 - 2*x - 3. Let w be ((-1)/1)/((-1)/(-7)). Let b(c) = -c**3 - 7*c**2 - 3. Let h be b(w). Give f(h).
-6
Let x(l) = -3*l - 7. Let w(f) = -16*f - 35. Let r(v) = -2*w(v) + 11*x(v). Let q = -7 + 2. What is r(q)?
-2
Let g(b) = 5*b**2 - 2*b**2 - 2*b**2 + 3*b - 7 + 2*b. Suppose -3*r - 2 = 16. Calculate g(r).
-1
Suppose -5*l + 5 = -6*l. Let v(u) = -u**2 - 3*u + 7. Calculate v(l).
-3
Let g(b) = -b**3 + b**2 + 1. Let n(s) = -4*s**3 + 2*s**2 + 2*s + 2. Let y(o) = -5*g(o) + n(o). Let p be y(2). Let m(d) = -2*d**2 - 4*d - 4. Calculate m(p).
-10
Let w(o) = o**3 - 6*o**2 - 6. Let s(t) = t + 3. Let h be s(3). Calculate w(h).
-6
Let h(g) = 18*g**2 + 4*g + 2. Let r(a) = 9*a**2 + 2*a + 1. Let x(d) = 4*h(d) - 9*r(d). Determine x(-1).
-8
Let n(z) be the second derivative of z**3/2 - 2*z**2 + z. Let r(v) = -v - 13. Let w be r(-17). Calculate n(w).
8
Let p(x) = 5*x + 0*x - 3*x + x**2 + 4 - 4*x. Give p(3).
7
Let f(j) = 7 - 2*j + 3*j + 3*j - 3*j. Give f(-7).
0
Let i(r) = 4*r**2 + 7*r. Let p(b) = 5*b**2 + 8*b + 1. Let f(x) = -4*i(x) + 3*p(x). What is f(-5)?
-2
Let c(b) = 8*b**3 - 12*b**2 + 5*b + 6. Let f(m) = -7*m**3 + 11*m**2 - 5*m - 5. Let w(r) = 6*c(r) + 7*f(r). What is w(4)?
-3
Let f(n) = -n**3 - 3*n**2 - 2. Suppose -2 - 3 = 5*x. Let c = x - -1. Suppose -3*z - 1 - 8 = c. Give f(z).
-2
Let s(r) = -r**2 - 5*r + 1. Let y be s(-3). Let d be (14/(-4))/y*-14. Suppose -d*t - 20 = -3*t. Let z(b) = -b + 6. Give z(t).
11
Let h(p) = -p - 22. Let y be h(-23). Let j(i) = 6*i - 1. What is j(y)?
5
Let z = 13 + -7. Suppose 4*g = -5*q + z, 2*g + 2 = -5*q - 0*g. Let r(n) = 2*n**2 + n - 2. What is r(q)?
4
Let d(k) = -k**3 + 4*k**2 + 4*k + 1. Let x = -53 - -58. What is d(x)?
-4
Let l(f) = -f**3 + 2*f**2 + 5*f - 2. Suppose r = -3*r + 12. Give l(r).
4
Suppose 0 = i - 7. Let f = 6 - i. Let w(q) = q**3 + 2*q + 1. Determine w(f).
-2
Let m(o) = -o**3 + o + 1. Let r(t) = t + 14. Suppose -2*w = -w + 12. Let b be r(w). Give m(b).
-5
Let a(h) = h**2 - 4*h. Suppose s + 6 - 12 = 0. Give a(s).
12
Let k(z) = 9*z + 10. Let g(a) = -19*a - 22. Let b(l) = 6*g(l) + 13*k(l). Calculate b(5).
13
Let p(o) = -o**2 + 3*o + 4. Let a(c) = c**2 - c - 2. Let u be a(3). Calculate p(u).
0
Let k(a) = -46 + 47 + a + a. Let w be (-2*6)/(-2) + -2. Determine k(w).
9
Let s(a) = 3*a**3 + 2*a - 1. Let z(t) = -10*t + 22. Let d(r) = -3*r + 7. Let b(n) = -7*d(n) + 2*z(n). Let u be b(6). What is s(u)?
4
Let h = 3 - 1. Let r(p) be the third derivative of -p**2 + 0*p**5 - 1/24*p**4 - 1/3*p**3 + 0 + 1/120*p**6 + 0*p. Calculate r(h).
4
Let f(y) = -y**3 - y**2 - y. Let w be f(0). Let r(u) = -7*u + 9. Let k(p) = -4*p + 4. Let c(g) = 5*k(g) - 3*r(g). What is c(w)?
-7
Let k = 12 - 8. Suppose 0*u + 5 = -2*r + 5*u, k*r - 4*u + 4 = 0. Let x(y) = y**3 + y**2 + y - 2. Calculate x(r).
-2
Let g(p) be the third derivative of -p**5/60 - 7*p**4/24 - p**3/2 - 8*p**2. Give g(-6).
3
Let f(r) = r**3 - 8*r**2 - 8*r - 7. Let v be f(9). Let i(u) = 1 + v + 1 - u. Give i(5).
-1
Let m(z) = 3*z**2 - 4*z + 3. Let b be (-32)/(-14) + 6/(-21). Calculate m(b).
7
Let a(b) = -4*b - 2. Let m(g) = -5*g - 2. Suppose -2*x + 11 = -5*o + 4, -10 = -5*x + 5*o. Let w be 2 - (x + 21/3). Let t(h) = w*a(h) + 5*m(h). Determine t(-4).
6
Suppose -h = -4*i - 4, -2*h = 2*i + 2*h + 20. Let g = i - -2. Let s(y) = -y**2 + y - 1. Give s(g).
-1
Suppose -6*v + 2*v = -24. Let r = 6 - v. Let n(x) = x - 5. Calculate n(r).
-5
Let j(o) = 3*o - 1. Let u(f) = -2*f**2 - 12*f + 10. Let d(n) = n**2 + n - 1. Let b(i) = -3*d(i) - u(i). Let c be b(8). What is j(c)?
2
Suppose 0 = 5*u - 20, 0*c + 4*c - 8 = -2*u. Let k(l) = -3*l - 5 + 2*l + 0. Determine k(c).
-5
Let n(x) = 3*x + 11. Let h(o) = -2*o - 10. Let a be h(-7). Suppose 2*d = a - 14. Let k(g) = 2*g + 6. Let f(r) = d*k(r) + 3*n(r). Give f(2).
1
Let c(t) be the second derivative of -t**3/6 - 2*t**2 - t. Let l = 112 - 118. Calculate c(l).
2
Let r(l) = -2*l**2 + 3*l + 3. Let q(b) = -8*b**2 + 11*b + 11. Let u(s) = -6*q(s) + 22*r(s). Determine u(1).
4
Let k(a) = -a - 7. Let i be (-2)/6*1 + (-918)/162. What is k(i)?
-1
Let y(b) = -3*b**3 + 4*b**2 + 3*b - 2. Let k be y(2). Let w(r) = r**3 + 5*r**2 + 2*r - 2. Calculate w(k).
6
Let p(y) = 7*y**2 - 2*y**3 + y**3 - 12*y**2. What is p(-5)?
0
Let r(m) be the second derivative of -m**3/3 - 3*m**2/2 - 8*m. Give r(-6).
9
Let j(d) be the second derivative of 0 + 4*d - d**2 - 1/6*d**4 + 0*d**3 + 1/10*d**5. Suppose 0*o + 2 = o. Determine j(o).
6
Let k(i) = 2*i**3 + 2*i**2 - 4*i - 2. Let w(o) = -3*o**3 - 4*o**2 + 7*o + 3. Let v(p) = 5*k(p) + 3*w(p). Give v(2).
1
Let v(f) = f**2 - 4*f + 5. Suppose 5*i = 5*a + 10, -4*a - a + 25 = 2*i. Calculate v(i).
10
Let g(k) = 2*k + 5. Let d(c) = -c**3 + 8*c**2 - 7*c - 6. Let j be d(7). Calculate g(j).
-7
Suppose 3*k = -2*k + 75. Suppose 0*f - k = -5*f. Let g(t) = t + 2 + 5 - f. Calculate g(-4).
0
Let s(q) = 8*q**2 + q. Suppose -5*v + 3*o + 10 + 2 = 0, -3*v - 3*o - 12 = 0. Suppose -l + 3*l - 2 = v. What is s(l)?
9
Let n(c) = -3*c - 5. Let q be n(-4). Let a(j) = -4 + 4*j + j**2 + 2 - q*j. Suppose 5*u - 1 = -11. Determine a(u).
8
Let u be 3/((-3)/(-17)) - 1. Suppose 2*t + u = 3*v + v, 4*t - 5*v = -29. Let b = 2 + t. Let w(i) = i**3 + 4*i**2 + i - 5. Calculate w(b).
-9
Let n(v) = 7*v + 74*v**2 - 75*v**2 - 4 - v. Determine n(3).
5
Let m be (3/(-2))/((-6)/12). Let p(n) = -n**2 + n - 3*n - m*n - 3. What is p(-4)?
1
Let o(b) be the first derivative of -b**3 - b + 9. Give o(-1).
-4
Let o(t) = t**2 + 13*t - 13. Let m be o(-14). Let h(u) = -6 - u + m + 8 + 3. Calculate h(7).
-1
Let h(v) = v**2 - 3*v + 2. Let k be h(3). Suppose s - z = 2*s - 9, 3*z = k*s + 7. Let b(y) = 7 + y**2 + y + s*y + y**3 - 4*y. What is b(0)?
7
Let z(d) = -d**3 + 6. Suppose 2*m + 15 = 4*j + 5*m, 0 = 2*j + 4*m - 20. Give z(j).
6
Let f be ((-2)/(-3))/(2/(-3)). Let x = -2 - f. Let t(q) be the second derivative of -q**3/2 - q**2/2 - 2*q. Give t(x).
2
Let b(j) be the third derivative of -2/3*j**3 + 1/24*j**4 + 0 - 2*j**2 + 0*j. Let s = 6 + -2. Calculate b(s).
0
Let v(k) = -3*k + 4 - 2*k + 2*k**2 + 2*k. What is v(3)?
13
Let q(g) be the third derivative of -g**5/30 - g**4/6 - 2*g**3/3 + 13*g**2. Determine q(-3).
-10
Let l(g) = 3 - g - g**3 - g**2 + 5*g**2 + 0*g**2. Give l(4).
-1
Let q(l) = 4*l + 1. Let c(u) = 5*u + 1. Let f(m) = -2*c(m) + 3*q(m). Determine f(3).
7
Let g(s) be the second derivative of s**5/20 + 5*s**4/12 - 4*s**3/3 - 3*s**2 + 7*s. What is g(-6)?
6
Let w(j) be the third derivative of -j**4/12 - j**3/2 + 4*j**2. Give w(-3).
3
Let r(z) = z**2 - 5*z - 10. Let q(k) = -k**3 - 8*k**2 + 7. Let o be q(-8). Give r(o).
4
Let j(s) be the first derivative of -3*s**4/4 - 1.